In base 14, what is -6a - -a?
-60
In base 8, what is -5 - 1422?
-1427
In base 7, what is 24 + -52?
-25
In base 5, what is -102 + 32?
-20
In base 14, what is 3d + -85?
-46
In base 12, what is 2b + -2?
29
In base 11, what is 2 - -151?
153
In base 15, what is -1c4e + -4?
-1c53
In base 12, what is 1028 + -4?
1024
In base 15, what is -6 + 2c?
26
In base 15, what is 52 + 4?
56
In base 7, what is 5 - -226?
234
In base 5, what is -1021 - -22?
-444
In base 13, what is -6 - 35?
-3b
In base 2, what is 1110 - -100?
10010
In base 7, what is -5 - -14?
6
In base 15, what is -4bc + 0?
-4bc
In base 7, what is -3 + -116?
-122
In base 14, what is 13 - -45?
58
In base 6, what is 105 + -4?
101
In base 3, what is -10 - 120221?
-121001
In base 3, what is 0 - -22200?
22200
In base 12, what is -9 - 1?
-a
In base 2, what is -10000 - 101000001?
-101010001
In base 13, what is -5 + 9b0?
9a8
In base 9, what is -43 - -5?
-37
In base 10, what is 5 + -15?
-10
In base 15, what is 2 + a4?
a6
In base 6, what is -1153 + 1?
-1152
In base 11, what is -1 - 66?
-67
In base 3, what is -1011 - 1?
-1012
In base 5, what is 44 + 12?
111
In base 5, what is 2 + -2334?
-2332
In base 2, what is 1 - 101101111110?
-101101111101
In base 14, what is -10 - 3?
-13
In base 15, what is 13 - 64?
-51
In base 5, what is 102 + -2?
100
In base 6, what is -24 + -1105?
-1133
In base 16, what is 40 - -10?
50
In base 3, what is -2 + -20212?
-20221
In base 6, what is 0 + -10541?
-10541
In base 8, what is 15 + -66?
-51
In base 9, what is 14 - 5?
8
In base 9, what is -1212 - -4?
-1207
In base 15, what is 1d + -31?
-13
In base 4, what is -10 - -3133?
3123
In base 6, what is -2 - 324?
-330
In base 10, what is 20 + -1?
19
In base 2, what is 10001101 + 1111?
10011100
In base 6, what is 2 + 111?
113
In base 10, what is -597 - 18?
-615
In base 12, what is -1294 - -17?
-1279
In base 7, what is -4 - -34?
30
In base 2, what is -101 - -1000?
11
In base 4, what is 2 - -2302?
2310
In base 10, what is -6 - 223?
-229
In base 14, what is -5c + c6?
68
In base 14, what is -4 + 1c4?
1c0
In base 2, what is -1000 - 11?
-1011
In base 8, what is 3 + 72?
75
In base 9, what is 12 - -2?
14
In base 8, what is -7 - -1?
-6
In base 3, what is 1221 - 22?
1122
In base 8, what is 40 + -12?
26
In base 9, what is -88 - 10?
-108
In base 13, what is 65 - 7?
5b
In base 14, what is -47 + -2?
-49
In base 16, what is 159 - 19?
140
In base 12, what is -169 - 3?
-170
In base 4, what is 1 - -31?
32
In base 11, what is -2 + 9?
7
In base 13, what is -2833 - 1?
-2834
In base 16, what is -149e + 1?
-149d
In base 6, what is 0 - 352?
-352
In base 9, what is 283 - 3?
280
In base 10, what is 44 + -3?
41
In base 16, what is -2b + -3b?
-66
In base 2, what is -11011001111 - 10?
-11011010001
In base 8, what is 1 + 50?
51
In base 8, what is 3 - 157?
-154
In base 10, what is -1 - 0?
-1
In base 5, what is -30 + 204?
124
In base 12, what is -5 + -638?
-641
In base 3, what is 1 - -1112?
1120
In base 11, what is 2644 - 4?
2640
In base 3, what is -2102 + 1?
-2101
In base 10, what is -72 + 0?
-72
In base 12, what is -3 - -50?
49
In base 3, what is -102020112 - -11?
-102020101
In base 12, what is 26 + 13b?
165
In base 4, what is 12 + 3?
21
In base 4, what is 0 - 3302?
-3302
In base 11, what is 3 - 13?
-10
In base 10, what is 4 - -403?
407
In base 6, what is 1 + -301?
-300
In base 5, what is -10003 + -124?
-10132
In base 7, what is -501 + 1?
-500
In base 15, what is 40 - 3b?
4
In base 13, what is 1 - 15?
-14
In base 3, what is -201101 - 21?
-201122
In base 12, what is 2465 - -5?
246a
In base 5, what is 4 + 200?
204
In base 6, what is 143 - -334?
521
In base 2, what is -10000001 - -11011?
-1100110
In base 13, what is -9 + -1c?
-28
In base 9, what is -384 - 5?
-400
In base 7, what is 46 - 62?
-13
In base 14, what is -5 + 1?
-4
In base 14, what is -10a - -8?
-102
In base 16, what is 2 - 108?
-106
In base 16, what is -135 + -7?
-13c
In base 12, what is 49 - 7?
42
In base 9, what is -4 + -5?
-10
In base 9, what is -7 - -2?
-5
In base 14, what is -2 + d0?
cc
In base 12, what is -14 - -20b?
1b7
In base 16, what is 10 + 14?
24
In base 10, what is -3625 - -2?
-3623
In base 16, what is -15 + 1?
-14
In base 14, what is 3775 - 1?
3774
In base 4, what is -113121 - 11?
-113132
In base 7, what is -10 - 4?
-14
In base 6, what is 21301 + 4?
21305
In base 4, what is 310 - 1?
303
In base 10, what is -5 - -154?
149
In base 7, what is -44 + -25?
-102
In base 2, what is -101110101101 + 11?
-101110101010
In base 7, what is 150 + 4?
154
In base 4, what is 301 + 11?
312
In base 16, what is -1c9 - -2?
-1c7
In base 5, what is -3 - 111003?
-111011
In base 8, what is 102757 + 2?
102761
In base 13, what is -513 - -1?
-512
In base 7, what is 2 + -522?
-520
In base 15, what is 63 - 6?
5c
In base 5, what is 322 + 10?
332
In base 16, what is -136 - -5?
-131
In base 8, what is 1 + -204?
-203
In base 10, what is 486 - -2?
488
In base 2, what is 11101010 + 10000?
11111010
In base 11, what is 2 - 4603?
-4601
In base 16, what is 159 + b?
164
In base 7, what is -63 - 0?
-63
In base 13, what is -45 - -12?
-33
In base 3, what is 212020 + 2?
212022
In base 16, what is -3 - -1ab?
1a8
In base 10, what is -11921 + 0?
-11921
In base 12, what is 6788 - 5?
6783
In base 7, what is -2 + 1036?
1034
In base 3, what is -1020000 - -112?
-1012111
In base 14, what is -57 + 2?
-55
In base 8, what is -106 - -303?
175
In base 11, what is 4 - -4a?
53
In base 4, what is 110012 - 10?
110002
In base 16, what is -4d + -185?
-1d2
In base 4, what is 203 + -1?
202
In base 5, what is -30222 - 2?
-30224
In base 7, what is -64 + -1?
-65
In base 8, what is -102 + 4?
-76
In base 6, what is 15 - -254?
313
In base 15, what is -32b3 + 3?
-32b0
In base 8, what is -2 - 266?
-270
In base 11, what is 0 - -200?
200
In base 8, what is -34 + 5?
-27
In base 11, what is 4 - -17?
20
In base 5, what is 0 + 1324?
1324
In base 9, what is 5 - -58?
64
In base 16, what is 6 + -92?
-8c
In base 4, what is 2 - -1010?
1012
In base 2, what is 101 - -111111?
1000100
In base 13, what is 4bcc + 0?
4bcc
In base 8, what is 1 + 513?
514
In base 2, what is 1110000 + -11?
1101101
In base 3, what is -211 - 0?
-211
In base 14, what is 5 + -d?
-8
In base 12, what is -17 + 4?
-13
In base 3, what is 110 + -2?
101
In base 2, what is -101101010 + 1?
-101101001
In base 11, what is -10 + -98?
-a8
In base 13, what is -3 - 11b5?
-11b8
In base 15, what is 7 + -57?
-50
In base 4, what is -11103 - -3?
-11100
In base 8, what is -4 - -3243?
3237
In base 5, what is 213 + 2?
220
In base 6, what is -4 + -24242?
-24250
In base 14, what is -167 - -27?
-140
In base 6, what is 143030 + 2?
143032
In base 2, what is -1011110 - 0?
-1011110
In base 11, what is -23a0 - -2?
-2399
In base 15, what is -6 - -16?
10
In base 4, what is -11 - -1110000?
1103323
In base 5, what is 2 + 21400?
21402
In base 8, what is 22 - -213?
235
In base 6, what is 2 + -152?
-150
In base 6, what is -3501 + -30?
-3531
In base 7, what is 2226 - -6?
2235
In base 10, what is 796 + -11?
785
In base 14, what is -2cb - -5?
-2c6
In base 13, what is -13b - 1?
-13c
In base 3, what is 112 + -2200?
-2011
In base 8, what is -113 + 0?
-113
In base 6, what is 1522 + 13?
1535
In base 3, what is 111 - 1?
110
In base 15, what is -5 + -3c?
-42
In base 14, what is 17 - c?
9
In base 10, what is 94 + 1?
95
In base 9, what is 12150 - 2?
12147
In base 11, what is 1 - -35a?
360
In base 12, what is -b10 + -3?
-b13
In base 10, what is -15 + 106?
91
In base 16, what is e9 + -2?
e7
In base 6, what is -34521 - -10?
-34511
In base 12, what is 1 + -3b0?
-3ab
In base 6, what is -14 + -10?
-24
In base 5, what is 24 - 3?
21
In base 7, what is -52 + -10?
-62
In base 15, what is d - -2b?
39
In base 13, what is -2 + 63?
61
In base 7, what is 221 + -5?
213
In base 9, what is 34 + -1?
33
In base 6, what is -22 - 2?
-24
In base 15, what is 4 - -15?
19
In base 6, what is -424 + -24?
-452
In base 8, what is -1 + 523?
522
In base 3, what is -1110 - -12?
-1021
In base 14, what is 2 + -7?
-5
In base 10, what is 2 + -116?
-114
In base 16, what is 5 - -415?
41a
In base 10, what is 0 - 10?
-10
In base 15, what is 4 - 25?
-21
In base 2, what is 100111011011 - 100?
100111010111
In base 12, what is 0 + 49?
49
In base 14, what is -1d + 289?
26a
In base 11, what is -1 - 89?
-8a
